ite?
False
Let a be (-4)/6 - (-34)/51. Suppose -y + a*o + 3*o = -265, -o = -3. Is y prime?
False
Let c(f) = 45*f**2 - 7*f - 7. Suppose -w - 16 = -3*w. Let q be c(w). Suppose 3*p = -894 + q. Is p prime?
True
Suppose 0 = -9*s + 17487 + 5472. Is s a prime number?
True
Let c = 1027 - 1005. Is c a prime number?
False
Let a be 0/((-3)/6*-2). Suppose 0*r - 2*r + 106 = a. Is r prime?
True
Suppose -5*s = -3*y - 0*y + 25354, -2*y + 5*s + 16901 = 0. Suppose -4*k - 4*j + y = -k, 5*k = 2*j + 14045. Is k a prime number?
False
Suppose 4*w = 297 + 335. Let o = w + 1791. Is o composite?
False
Suppose -3*s - 59747 = -4*u, -4*u + 5*s + 21882 = -37859. Is u composite?
False
Suppose 3 = 2*a - 5. Is 72/12*-1*(-142)/a composite?
True
Is (-2812)/(-4) - 4 - -2 a prime number?
True
Let u(f) = -1354*f - 3. Let g be u(-3). Suppose -5*s - g = -14*s. Is s a prime number?
False
Suppose -3*h + 5*l + 23 = 0, 4*h + 0*l = 2*l + 54. Let k(r) = -r**2 + 17*r - 1. Is k(h) a composite number?
True
Let z(j) = -5*j**2 + 4*j**2 - 4*j**2 - 3 - j**3 - 3 + 5*j. Let t be z(-6). Suppose 3*f = a - 54, 6*a - a + 3*f - 180 = t. Is a composite?
True
Let d(p) = 4*p**2 + 3*p - 17. Suppose 2*j - 8 = 0, 3*j - 25 = o - 6. Is d(o) prime?
False
Let c be 2/(-4) - (-15)/(-6). Let v be (c - (1 - 2))*-149. Suppose m = -m + v. Is m a prime number?
True
Suppose -9*a - 14*a = -9545. Is a a composite number?
True
Let f = 173049 - 99080. Is f a composite number?
True
Let n(m) = -m**3 - 6*m**2 + 2*m - 2. Let u(g) = -g**2 + 3*g + 21. Let o be u(7). Is n(o) a composite number?
True
Suppose -96135 = -2*d + 5*m, -8*d + m - 240324 = -13*d. Is d composite?
True
Let m(w) = -w + 7. Let x be m(5). Suppose -x*h + 4 = -0. Is ((-31)/h)/((-1)/2) prime?
True
Suppose 2*s + 3*x = 60, 0 = -2*s + x + 7 + 37. Suppose 4*d = -2*d - s. Is (-125)/d - (-2)/(-8) a prime number?
True
Let t be 42/8 + 4/(-16). Suppose b = 10 - t. Suppose b*c - 222 - 833 = 0. Is c prime?
True
Let v(u) = 3 - 3 - 90*u + 1. Let b(t) = -t**2 - 6*t + 34. Let d be b(4). Is v(d) prime?
True
Suppose -11*j + 6636 + 153865 = 0. Is j composite?
False
Let c = -7436 + 14241. Is c a prime number?
False
Let i be -4*(-3)/6 - 7. Let f be 0 - 3 - (2 + i). Is 371 - (-1 - (-1 - f)) prime?
False
Let o(j) = 32*j**2 - 31*j - 7. Is o(12) a prime number?
True
Suppose -r = -z - 1, 2*z + 5*r = -2*z - 49. Let y = -2 - z. Suppose -22 = -y*g + 2*g. Is g composite?
False
Let p(z) = 485*z**2 - 17*z - 1. Is p(-2) prime?
True
Let f = 970 + -417. Let m = f - -96. Is m composite?
True
Suppose -24*x = -21*x - 87909. Is x composite?
False
Let o = 15197 + 5172. Is o composite?
False
Let l be -8*((-2)/4 - 0). Let y(p) = -2*p + 18. Let j be y(5). Suppose 1756 = -l*k + j*k. Is k a composite number?
False
Suppose -x - 3*u + 4906 = -0*u, u - 24516 = -5*x. Is x composite?
False
Let b(z) = 5*z**2 + 8. Is b(-5) a prime number?
False
Suppose 3*v + 5 = 5*w, 0 = w - 2*v + 5 + 1. Is ((-6)/w)/3*(-28488)/12 a prime number?
True
Let o be -18*(2 - (6 - 3)). Let q be 32/o - 10/(-45). Suppose 2*h = 2*w - w + 95, 0 = 3*h - q*w - 144. Is h a composite number?
True
Let z = 43 - 30. Let y(m) = -11. Let j(c) = -3*c + 23. Let s(k) = -4*j(k) - 9*y(k). Is s(z) prime?
True
Let x = 10182 - 3283. Is x a prime number?
True
Suppose -13 = -3*s + v, 4*s - 12 - 1 = -3*v. Suppose s*t + 36 = g - 119, 2*t = 3*g - 485. Is g a composite number?
False
Suppose 4*n - 36436 = 2*z, -8*n + 13*n - 4*z - 45551 = 0. Is n a prime number?
False
Let l = -315 + 892. Let b = l - 411. Is b a prime number?
False
Suppose 4*l = -j + 97, -3*j = -4 + 1. Let q be (6 - 2 - (-4)/(-2)) + -5. Is (-4)/q - (-4840)/l composite?
True
Let i = -20267 - -37996. Is i composite?
False
Let d be 2 - ((-8)/6)/(12/18). Suppose d*r = r + 3333. Is r a composite number?
True
Suppose -2*g + 5*g + 51 = 0. Let i(f) = -23*f + 22. Is i(g) a composite number?
True
Suppose 17*d + 112099 = 30*d. Is d a composite number?
False
Let n(y) = y**2 + 32*y + 191. Is n(-26) a prime number?
False
Let w = 0 - -3. Let y = -472 + 694. Suppose w*k = 5*k - y. Is k a prime number?
False
Suppose -5*i = -10, -6*z = -5*z - 5*i - 18937. Is z composite?
False
Suppose 0 = -5*t - 3*k + 12080, 10*t - 9*t - k = 2408. Is t prime?
False
Let f = 106688 - 987. Is f prime?
True
Let b be (-9 - -10)/((-1)/(-4)). Let u = b - -1. Suppose -u*c + 3*c = -38. Is c a prime number?
True
Suppose 59*f - 1841 = 52*f. Is f composite?
False
Let v(t) = 6329*t**2 + t - 2. Let k be v(2). Let u = -16825 + k. Is u a composite number?
True
Is (-2108)/186*(-4581)/6 a composite number?
True
Suppose -36 = -10*m + 4*m. Let q(o) = 36*o + 1. Is q(m) a prime number?
False
Let y = -14 - -44. Is ((-3170)/y)/(1/(-3)) composite?
False
Let p = 3380 - -210. Suppose 0*g - p = -2*g. Is g composite?
True
Suppose 5*v = 4955 + 20780. Is v a composite number?
False
Let t(n) = 4*n**2 - 3*n + 3. Let k be t(11). Suppose 0*f = -f + k. Is f prime?
False
Let i be 207/(-18)*1*22. Let j = i + 384. Is j a prime number?
True
Is 12/36 + ((-66920)/(-3) - -2) a prime number?
False
Suppose -97*r - 5*s + 12947 = -94*r, 0 = r + 5*s - 4329. Is r a composite number?
True
Is (2 - 0)/(9/153324*8) prime?
True
Let b(x) = 48*x**2 + 5*x + 3. Let y be (-4 + 1)*(-3 + 4). Let s be b(y). Suppose -410 = -5*k - 5*f, 4*k - 2*f - s + 122 = 0. Is k prime?
False
Suppose 2*u = -2*y + 1398, 4*y - u - 3489 = -y. Suppose 4*w + y + 1012 = 5*i, 4*i = 4*w + 1364. Is i a prime number?
False
Suppose -54*v - 5*g - 77825 = -59*v, -31138 = -2*v - 2*g. Is v composite?
True
Let v(y) = 285*y**2. Let l be v(-1). Suppose -o = 4*m - l, 0 = 2*m + 5*o - 81 - 84. Suppose -2*r + 224 = m. Is r prime?
False
Let l be ((-82)/(-4))/((-11)/(-22)). Suppose 0 = 3*k - 5*v - 37, 6*k - 2*k - 5*v = l. Suppose 4*a = -12, -5*a - 638 = -k*m - 7*a. Is m a composite number?
True
Let j(t) = 2350*t - 73. Is j(15) composite?
True
Let c = 110382 + -61501. Is c a composite number?
True
Let b(n) = 5*n - 6*n + n**3 + 2*n**2 + 8 + 5*n**2 - 4*n. Let i be b(-8). Let s = i - -47. Is s prime?
True
Let g be 46/4 + 8/(-128)*-8. Let s(k) = k**3 - 11*k**2 + 5. Is s(g) a prime number?
True
Suppose -16*w + 341012 = 12*w. Is w composite?
True
Suppose -5*h + 10*z - 5*z + 30 = 0, -4*h - 4*z = 0. Suppose -4*f + c - 860 = 0, -2*f - h*c + 7*c - 444 = 0. Let d = f - -591. Is d a prime number?
False
Let p be (16/12)/((-4)/(-6)). Suppose h = -p*h - 12, -2*h = -3*u + 1577. Is u prime?
True
Suppose -22*o + 24*o - 16 = 0. Suppose 3*s = o*s - 3535. Is s composite?
True
Suppose 0 = 64*k + 20*k - 3001236. Is k a composite number?
False
Suppose 5*q + 0*q - 5 = 0. Suppose 4*g = -c + 11, 4*c + 8 - q = g. Suppose x + w = -2*w + 74, -2*x = g*w - 151. Is x prime?
False
Let l(p) = -3 + 3 - 4 + 3 + p. Let i be l(-1). Let t(f) = -16*f**3 - 3*f**2 - 2*f + 1. Is t(i) a composite number?
True
Let d(x) = -x**2 + 7*x + 10. Suppose -5*q + 20 = -25. Let r be d(q). Is (-1828)/(-6) - r/24 prime?
False
Let i be 0/1 - 4*-2. Suppose 0 = p - i + 5. Suppose -p*d + 188 + 43 = 0. Is d a prime number?
False
Let a(s) = -888*s + 14. Let d be a(-6). Suppose -3*x = i - 3835, 1527 = -3*x + 4*i + d. Is x prime?
True
Let u(j) = -j**2 - 29*j - 19. Is u(-8) a prime number?
True
Let r(x) be the first derivative of x**3/3 - 7*x**2/2 + 14*x - 11. Is r(7) a prime number?
False
Suppose -14*g + 6*g = -32. Suppose g*p - p - 1761 = 0. Is p composite?
False
Let g(v) = v**3 + 9*v**2 + 2*v - 4. Let p be g(-9). Let x be p*(-159)/(-6) + -3. Is (x/10)/(7/(-35)) a prime number?
True
Let n(w) = w**3 + 15*w**2 - 30*w - 3. Let l be n(-14). Suppose -2*x = -x - l. Is x prime?
True
Suppose 0 = -2*o + 6, -5*v = -5*o - 6353 - 1267. Let x = 832 + v. Is x a prime number?
False
Suppose -2*p = -153*y + 156*y - 83681, -y - 1 = 0. Is p a prime number?
False
Let h(g) = g**3 - 25*g**2 + 26*g - 52. Let a be h(24). Is 213 - 6/a*4/(-3) a prime number?
True
Let p be 12/28 - (-1660)/14. Suppose -2*s + 5*o = -p, -3*s - 22 = -4*s - 5*o. Is s composite?
False
Let l(a) = a + 4. Let g be l(0). Suppose 0 = -g*z + 8*z - 4. Is (z + 1)/((-12)/(-2514)) a composite number?
False
Let y = -126 - -73. Let k(v) = -5*v**3 - 2*v**2 + v + 4. Let p be k(-3). Let r = p + y. Is r a prime number?
False
Suppose 20*f - 1656 = 18*f. Let g = 1159 - f. Is g a composite number?
False
Let a = 14 + -19. Is ((a + -12615)/(-5))/2 composite?
True
Let